{"id":3444,"date":"2022-02-17T09:33:40","date_gmt":"2022-02-17T08:33:40","guid":{"rendered":"https:\/\/oviderm.se\/vard\/?page_id=3444"},"modified":"2025-03-19T11:10:18","modified_gmt":"2025-03-19T10:10:18","slug":"om-oviderm","status":"publish","type":"page","link":"https:\/\/oviderm.se\/vard\/om-oviderm\/","title":{"rendered":"Om Oviderm"},"content":{"rendered":"\t\t<div data-elementor-type=\"wp-page\" data-elementor-id=\"3444\" class=\"elementor elementor-3444\" data-elementor-post-type=\"page\">\n\t\t\t\t\t\t<section class=\"elementor-section elementor-top-section elementor-element elementor-element-0fe2e6e elementor-section-height-min-height elementor-section-content-middle elementor-section-boxed elementor-section-height-default elementor-section-items-middle\" data-id=\"0fe2e6e\" data-element_type=\"section\" data-e-type=\"section\" data-settings=\"{&quot;background_background&quot;:&quot;classic&quot;}\">\n\t\t\t\t\t\t\t<div class=\"elementor-background-overlay\"><\/div>\n\t\t\t\t\t\t\t<div class=\"elementor-container elementor-column-gap-default\">\n\t\t\t\t\t<div class=\"elementor-column elementor-col-50 elementor-top-column elementor-element elementor-element-9840cca\" data-id=\"9840cca\" data-element_type=\"column\" data-e-type=\"column\">\n\t\t\t<div class=\"elementor-widget-wrap elementor-element-populated\">\n\t\t\t\t\t\t<div class=\"elementor-element elementor-element-af8b367 elementor-invisible elementor-widget elementor-widget-image\" data-id=\"af8b367\" data-element_type=\"widget\" data-e-type=\"widget\" data-settings=\"{&quot;_animation&quot;:&quot;fadeInLeft&quot;}\" data-widget_type=\"image.default\">\n\t\t\t\t<div class=\"elementor-widget-container\">\n\t\t\t\t\t\t\t\t\t\t\t\t\t\t\t<img fetchpriority=\"high\" decoding=\"async\" width=\"800\" height=\"702\" src=\"https:\/\/oviderm.se\/vard\/wp-content\/uploads\/2025\/03\/oviderm_600-3d2-1024x898.png\" class=\"attachment-large size-large wp-image-5063\" alt=\"Oviderm 600\" srcset=\"https:\/\/oviderm.se\/vard\/wp-content\/uploads\/2025\/03\/oviderm_600-3d2-1024x898.png 1024w, https:\/\/oviderm.se\/vard\/wp-content\/uploads\/2025\/03\/oviderm_600-3d2-300x263.png 300w, https:\/\/oviderm.se\/vard\/wp-content\/uploads\/2025\/03\/oviderm_600-3d2-768x674.png 768w, https:\/\/oviderm.se\/vard\/wp-content\/uploads\/2025\/03\/oviderm_600-3d2.png 1116w\" sizes=\"(max-width: 800px) 100vw, 800px\" \/>\t\t\t\t\t\t\t\t\t\t\t\t\t\t\t<\/div>\n\t\t\t\t<\/div>\n\t\t\t\t\t<\/div>\n\t\t<\/div>\n\t\t\t\t<div class=\"elementor-column elementor-col-50 elementor-top-column elementor-element elementor-element-7daff09\" data-id=\"7daff09\" data-element_type=\"column\" data-e-type=\"column\">\n\t\t\t<div class=\"elementor-widget-wrap elementor-element-populated\">\n\t\t\t\t\t\t<div class=\"elementor-element elementor-element-3d672dd elementor-widget elementor-widget-heading\" data-id=\"3d672dd\" data-element_type=\"widget\" data-e-type=\"widget\" data-widget_type=\"heading.default\">\n\t\t\t\t<div class=\"elementor-widget-container\">\n\t\t\t\t\t<h1 class=\"elementor-heading-title elementor-size-default\">F\u00f6rebygger och behandlar torr hud<\/h1>\t\t\t\t<\/div>\n\t\t\t\t<\/div>\n\t\t\t\t<div class=\"elementor-element elementor-element-f8ee437 elementor-widget elementor-widget-text-editor\" data-id=\"f8ee437\" data-element_type=\"widget\" data-e-type=\"widget\" data-widget_type=\"text-editor.default\">\n\t\t\t\t<div class=\"elementor-widget-container\">\n\t\t\t\t\t\t\t\t\t<p>Oviderm \u00e4r en mjukg\u00f6rande kr\u00e4m och ett receptfritt l\u00e4kemedel. Kr\u00e4men inneh\u00e5ller endast ingredienser av icke animaliskt ursprung, till exempel fuktbindande propylenglykol och vegetabilisk kokosolja. Oviderm 500g ing\u00e5r i f\u00f6rm\u00e5nen och kan antingen f\u00f6rskrivas eller k\u00f6pas p\u00e5 apotek. <span class=\"Apple-converted-space\">\u00a0<\/span><\/p>\t\t\t\t\t\t\t\t<\/div>\n\t\t\t\t<\/div>\n\t\t\t\t\t<\/div>\n\t\t<\/div>\n\t\t\t\t\t<\/div>\n\t\t<\/section>\n\t\t\t\t<section class=\"elementor-section elementor-top-section elementor-element elementor-element-a79dc47 elementor-section-height-min-height elementor-section-boxed elementor-section-height-default elementor-section-items-middle\" data-id=\"a79dc47\" data-element_type=\"section\" data-e-type=\"section\" data-settings=\"{&quot;background_background&quot;:&quot;classic&quot;}\">\n\t\t\t\t\t\t\t<div class=\"elementor-background-overlay\"><\/div>\n\t\t\t\t\t\t\t<div class=\"elementor-container elementor-column-gap-default\">\n\t\t\t\t\t<div class=\"elementor-column elementor-col-50 elementor-top-column elementor-element elementor-element-e926285\" data-id=\"e926285\" data-element_type=\"column\" data-e-type=\"column\">\n\t\t\t<div class=\"elementor-widget-wrap elementor-element-populated\">\n\t\t\t\t\t\t<div class=\"elementor-element elementor-element-1afb86e elementor-widget elementor-widget-heading\" data-id=\"1afb86e\" data-element_type=\"widget\" data-e-type=\"widget\" data-widget_type=\"heading.default\">\n\t\t\t\t<div class=\"elementor-widget-container\">\n\t\t\t\t\t<h2 class=\"elementor-heading-title elementor-size-default\">Oviderm<\/h2>\t\t\t\t<\/div>\n\t\t\t\t<\/div>\n\t\t\t\t<div class=\"elementor-element elementor-element-b92e5be elementor-widget elementor-widget-text-editor\" data-id=\"b92e5be\" data-element_type=\"widget\" data-e-type=\"widget\" data-widget_type=\"text-editor.default\">\n\t\t\t\t<div class=\"elementor-widget-container\">\n\t\t\t\t\t\t\t\t\t<ul><li>kan anv\u00e4ndas av b\u00e5de vuxna och barn.<\/li><li>har en neutral doft.<\/li><li>\u00e4r sj\u00e4lvkonserverad.<\/li><li>har en fetthalt p\u00e5 20 % och ett hudn\u00e4ra pH (5).<\/li><li>har inga s\u00e4rskilda f\u00f6rvaringsrestriktioner. och en l\u00e5ng h\u00e5llbarhet p\u00e5 36 m\u00e5nader.<span class=\"Apple-converted-space\">\u00a0<\/span><\/li><\/ul><p><b><br \/>Applicering<\/b><br \/>Oviderm kan sm\u00f6rjas p\u00e5 hela kroppen s\u00e5 ofta som patienten beh\u00f6ver. Kr\u00e4men f\u00e5r inte appliceras i h\u00f6rselg\u00e5ngen eller p\u00e5 br\u00e4nnskadad hud och ska inte anv\u00e4ndas p\u00e5 eller omkring br\u00f6stv\u00e5rtorna vid amning.<\/p>\t\t\t\t\t\t\t\t<\/div>\n\t\t\t\t<\/div>\n\t\t\t\t\t<\/div>\n\t\t<\/div>\n\t\t\t\t<div class=\"elementor-column elementor-col-50 elementor-top-column elementor-element elementor-element-37fb04c\" data-id=\"37fb04c\" data-element_type=\"column\" data-e-type=\"column\">\n\t\t\t<div class=\"elementor-widget-wrap\">\n\t\t\t\t\t\t\t<\/div>\n\t\t<\/div>\n\t\t\t\t\t<\/div>\n\t\t<\/section>\n\t\t\t\t<section class=\"elementor-section elementor-top-section elementor-element elementor-element-d6d6964 elementor-section-stretched elementor-section-boxed elementor-section-height-default elementor-section-height-default\" data-id=\"d6d6964\" data-element_type=\"section\" data-e-type=\"section\" data-settings=\"{&quot;background_background&quot;:&quot;classic&quot;,&quot;stretch_section&quot;:&quot;section-stretched&quot;}\">\n\t\t\t\t\t\t<div class=\"elementor-container elementor-column-gap-default\">\n\t\t\t\t\t<div class=\"elementor-column elementor-col-100 elementor-top-column elementor-element elementor-element-e90142b\" data-id=\"e90142b\" data-element_type=\"column\" data-e-type=\"column\">\n\t\t\t<div class=\"elementor-widget-wrap elementor-element-populated\">\n\t\t\t\t\t\t<div class=\"elementor-element elementor-element-b52a011 elementor-testimonial--layout-image_above elementor-testimonial--skin-default elementor-testimonial--align-center elementor-arrows-yes elementor-widget elementor-widget-testimonial-carousel\" data-id=\"b52a011\" data-element_type=\"widget\" data-e-type=\"widget\" data-settings=\"{&quot;space_between&quot;:{&quot;unit&quot;:&quot;px&quot;,&quot;size&quot;:0,&quot;sizes&quot;:[]},&quot;autoplay_speed&quot;:8000,&quot;show_arrows&quot;:&quot;yes&quot;,&quot;speed&quot;:500,&quot;autoplay&quot;:&quot;yes&quot;,&quot;loop&quot;:&quot;yes&quot;,&quot;pause_on_hover&quot;:&quot;yes&quot;,&quot;pause_on_interaction&quot;:&quot;yes&quot;,&quot;space_between_tablet&quot;:{&quot;unit&quot;:&quot;px&quot;,&quot;size&quot;:10,&quot;sizes&quot;:[]},&quot;space_between_mobile&quot;:{&quot;unit&quot;:&quot;px&quot;,&quot;size&quot;:10,&quot;sizes&quot;:[]}}\" data-widget_type=\"testimonial-carousel.default\">\n\t\t\t\t<div class=\"elementor-widget-container\">\n\t\t\t\t\t\t\t\t\t<div class=\"elementor-swiper\">\n\t\t\t\t\t<div class=\"elementor-main-swiper swiper\" role=\"region\" aria-roledescription=\"carousel\" aria-label=\"Bildspel\">\n\t\t\t\t<div class=\"swiper-wrapper\">\n\t\t\t\t\t\t\t\t\t\t\t<div class=\"swiper-slide\" role=\"group\" aria-roledescription=\"slide\">\n\t\t\t\t\t\t\t\t\t<div class=\"elementor-testimonial\">\n\t\t\t\t\t\t\t<div class=\"elementor-testimonial__content\">\n\t\t\t\t\t<div class=\"elementor-testimonial__text\">\n\t\t\t\t\t\tVisste du att ..?\u00a0<br><span class=\"green\"> 42 % kvinnor lider av torr hud, eksem eller andra hudbesv\u00e4r.<\/span>\n\n\t\t\t\t\t<\/div>\n\t\t\t\t\t<cite class=\"elementor-testimonial__cite\"><span class=\"elementor-testimonial__name\"><p class=\"p2\">Av 505 tillfr\u00e5gade kvinnor. YouGov 2020.<\/p><\/span><\/cite>\t\t\t\t<\/div>\n\t\t\t\t\t\t<div class=\"elementor-testimonial__footer\">\n\t\t\t\t\t\t\t\t\t\t\t<\/div>\n\t\t<\/div>\n\t\t\t\t\t\t\t\t<\/div>\n\t\t\t\t\t\t\t\t\t\t\t<div class=\"swiper-slide\" role=\"group\" aria-roledescription=\"slide\">\n\t\t\t\t\t\t\t\t\t<div class=\"elementor-testimonial\">\n\t\t\t\t\t\t\t<div class=\"elementor-testimonial__content\">\n\t\t\t\t\t<div class=\"elementor-testimonial__text\">\n\t\t\t\t\t\tVisste du att ..?\u00a0<br><span class=\"green\"> 66 % tycker att det \u00e4r viktigt att deras hudkr\u00e4m kan anv\u00e4ndas av b\u00e5de vuxna och barn.<\/span>\t\t\t\t\t<\/div>\n\t\t\t\t\t<cite class=\"elementor-testimonial__cite\"><span class=\"elementor-testimonial__name\"><p class=\"p2\">Av 343 tillfr\u00e5gade personer som anv\u00e4nder en mjukg\u00f6rande kr\u00e4m och har problem med torr hud, eksem eller andra hudbesv\u00e4r. YouGov 2020.<\/p><\/span><\/cite>\t\t\t\t<\/div>\n\t\t\t\t\t\t<div class=\"elementor-testimonial__footer\">\n\t\t\t\t\t\t\t\t\t\t\t<\/div>\n\t\t<\/div>\n\t\t\t\t\t\t\t\t<\/div>\n\t\t\t\t\t\t\t\t\t\t\t<div class=\"swiper-slide\" role=\"group\" aria-roledescription=\"slide\">\n\t\t\t\t\t\t\t\t\t<div class=\"elementor-testimonial\">\n\t\t\t\t\t\t\t<div class=\"elementor-testimonial__content\">\n\t\t\t\t\t<div class=\"elementor-testimonial__text\">\n\t\t\t\t\t\tVisste du att ..?\u00a0<br><span class=\"green\"> 45 % tycker det \u00e4r ganska eller v\u00e4ldigt sv\u00e5rt att hitta en hudkr\u00e4m som fungerar f\u00f6r sin hud.<\/span>\n\t\t\t\t\t<\/div>\n\t\t\t\t\t<cite class=\"elementor-testimonial__cite\"><span class=\"elementor-testimonial__name\"><p class=\"p2\">Av 343 tillfr\u00e5gade personer som anv\u00e4nder en mjukg\u00f6rande kr\u00e4m och har problem med torr hud, eksem eller andra hudbesv\u00e4r. YouGov 2020.<\/p><\/span><\/cite>\t\t\t\t<\/div>\n\t\t\t\t\t\t<div class=\"elementor-testimonial__footer\">\n\t\t\t\t\t\t\t\t\t\t\t<\/div>\n\t\t<\/div>\n\t\t\t\t\t\t\t\t<\/div>\n\t\t\t\t\t\t\t\t\t<\/div>\n\t\t\t\t\t\t\t\t\t\t\t\t\t\t\t<div class=\"elementor-swiper-button elementor-swiper-button-prev\" role=\"button\" tabindex=\"0\" aria-label=\"F\u00f6reg\u00e5ende\">\n\t\t\t\t\t\t\t<i aria-hidden=\"true\" class=\"eicon-chevron-left\"><\/i>\t\t\t\t\t\t<\/div>\n\t\t\t\t\t\t<div class=\"elementor-swiper-button elementor-swiper-button-next\" role=\"button\" tabindex=\"0\" aria-label=\"N\u00e4sta\">\n\t\t\t\t\t\t\t<i aria-hidden=\"true\" class=\"eicon-chevron-right\"><\/i>\t\t\t\t\t\t<\/div>\n\t\t\t\t\t\t\t\t\t\t\t\t\t\t\t\t\t<\/div>\n\t\t\t\t<\/div>\n\t\t\t\t\t\t\t\t<\/div>\n\t\t\t\t<\/div>\n\t\t\t\t\t<\/div>\n\t\t<\/div>\n\t\t\t\t\t<\/div>\n\t\t<\/section>\n\t\t\t\t<section class=\"elementor-section elementor-top-section elementor-element elementor-element-4bb7ae3 elementor-section-height-min-height elementor-section-boxed elementor-section-height-default elementor-section-items-middle\" data-id=\"4bb7ae3\" data-element_type=\"section\" data-e-type=\"section\" data-settings=\"{&quot;background_background&quot;:&quot;classic&quot;}\">\n\t\t\t\t\t\t\t<div class=\"elementor-background-overlay\"><\/div>\n\t\t\t\t\t\t\t<div class=\"elementor-container elementor-column-gap-default\">\n\t\t\t\t\t<div class=\"elementor-column elementor-col-50 elementor-top-column elementor-element elementor-element-72169db\" data-id=\"72169db\" data-element_type=\"column\" data-e-type=\"column\">\n\t\t\t<div class=\"elementor-widget-wrap elementor-element-populated\">\n\t\t\t\t\t\t<div class=\"elementor-element elementor-element-eaa90fa elementor-widget elementor-widget-text-editor\" data-id=\"eaa90fa\" data-element_type=\"widget\" data-e-type=\"widget\" data-widget_type=\"text-editor.default\">\n\t\t\t\t<div class=\"elementor-widget-container\">\n\t\t\t\t\t\t\t\t\t<p><strong style=\"font-size: 16px;\">Inneh\u00e5ll<\/strong><\/p><div class=\"underline\">Propylenglykol<\/div><div class=\"underline\">Kokosolja<\/div><div class=\"underline\">Cetostearylalkohol<\/div><div class=\"underline\">Makrogolstearat<\/div><div class=\"underline\">Glycerolmonostearat<\/div><div class=\"underline\">Stearinsyra<\/div><div class=\"underline\">Natriumcitrat<\/div><div class=\"underline\">Citronsyra<\/div><div class=\"underline\">Renat vatten\u00a0<\/div>\t\t\t\t\t\t\t\t<\/div>\n\t\t\t\t<\/div>\n\t\t\t\t\t<\/div>\n\t\t<\/div>\n\t\t\t\t<div class=\"elementor-column elementor-col-50 elementor-top-column elementor-element elementor-element-b589185\" data-id=\"b589185\" data-element_type=\"column\" data-e-type=\"column\">\n\t\t\t<div class=\"elementor-widget-wrap elementor-element-populated\">\n\t\t\t\t\t\t<div class=\"elementor-element elementor-element-b85d2dc elementor-widget elementor-widget-text-editor\" data-id=\"b85d2dc\" data-element_type=\"widget\" data-e-type=\"widget\" data-widget_type=\"text-editor.default\">\n\t\t\t\t<div class=\"elementor-widget-container\">\n\t\t\t\t\t\t\t\t\t<p><strong>Formulering<\/strong><br \/>Halten av det fuktbindande \u00e4mnet propylenglykol (25 %) g\u00f6r Oviderm sj\u00e4lvkonserverad och ger viss antimikrobiell effekt mot vissa bakterier och svampar. Oviderm baseras p\u00e5 en olja\/vatten-emulsion med kokosolja som fett, vald f\u00f6r dess goda kosmetiska egenskaper. Kr\u00e4men har ett hudn\u00e4ra pH (5) och en fetthalt p\u00e5 20 %.\u00a0<\/p>\t\t\t\t\t\t\t\t<\/div>\n\t\t\t\t<\/div>\n\t\t\t\t\t<\/div>\n\t\t<\/div>\n\t\t\t\t\t<\/div>\n\t\t<\/section>\n\t\t\t\t<\/div>\n\t\t","protected":false},"excerpt":{"rendered":"<p>F\u00f6rebygger och behandlar torr hud Oviderm \u00e4r en mjukg\u00f6rande kr\u00e4m och ett receptfritt l\u00e4kemedel. Kr\u00e4men inneh\u00e5ller endast ingredienser av icke animaliskt ursprung, till exempel fuktbindande propylenglykol och vegetabilisk kokosolja. Oviderm 500g ing\u00e5r i f\u00f6rm\u00e5nen och kan antingen f\u00f6rskrivas eller k\u00f6pas p\u00e5 apotek. \u00a0 Oviderm kan anv\u00e4ndas av b\u00e5de vuxna och barn. har en neutral doft. [&hellip;]<\/p>\n","protected":false},"author":1,"featured_media":0,"parent":0,"menu_order":0,"comment_status":"closed","ping_status":"closed","template":"","meta":{"footnotes":""},"class_list":["post-3444","page","type-page","status-publish","hentry"],"yoast_head":"<!-- This site is optimized with the Yoast SEO plugin v27.4 - https:\/\/yoast.com\/product\/yoast-seo-wordpress\/ -->\n<title>Om Oviderm - Ett rent alternativ vid behandling av torr hud<\/title>\n<meta name=\"robots\" content=\"index, follow, max-snippet:-1, max-image-preview:large, max-video-preview:-1\" \/>\n<link rel=\"canonical\" href=\"https:\/\/oviderm.se\/vard\/om-oviderm\/\" \/>\n<meta property=\"og:locale\" content=\"sv_SE\" \/>\n<meta property=\"og:type\" content=\"article\" \/>\n<meta property=\"og:title\" content=\"Om Oviderm - Ett rent alternativ vid behandling av torr hud\" \/>\n<meta property=\"og:description\" content=\"F\u00f6rebygger och behandlar torr hud Oviderm \u00e4r en mjukg\u00f6rande kr\u00e4m och ett receptfritt l\u00e4kemedel. Kr\u00e4men inneh\u00e5ller endast ingredienser av icke animaliskt ursprung, till exempel fuktbindande propylenglykol och vegetabilisk kokosolja. Oviderm 500g ing\u00e5r i f\u00f6rm\u00e5nen och kan antingen f\u00f6rskrivas eller k\u00f6pas p\u00e5 apotek. \u00a0 Oviderm kan anv\u00e4ndas av b\u00e5de vuxna och barn. har en neutral doft. [&hellip;]\" \/>\n<meta property=\"og:url\" content=\"https:\/\/oviderm.se\/vard\/om-oviderm\/\" \/>\n<meta property=\"og:site_name\" content=\"- Ett rent alternativ vid behandling av torr hud\" \/>\n<meta property=\"article:modified_time\" content=\"2025-03-19T10:10:18+00:00\" \/>\n<meta property=\"og:image\" content=\"https:\/\/oviderm.se\/vard\/wp-content\/uploads\/2025\/03\/oviderm_600-3d2.png\" \/>\n\t<meta property=\"og:image:width\" content=\"1116\" \/>\n\t<meta property=\"og:image:height\" content=\"979\" \/>\n\t<meta property=\"og:image:type\" content=\"image\/png\" \/>\n<meta name=\"twitter:card\" content=\"summary_large_image\" \/>\n<meta name=\"twitter:label1\" content=\"Ber\u00e4knad l\u00e4stid\" \/>\n\t<meta name=\"twitter:data1\" content=\"2 minuter\" \/>\n<script type=\"application\/ld+json\" class=\"yoast-schema-graph\">{\"@context\":\"https:\\\/\\\/schema.org\",\"@graph\":[{\"@type\":\"WebPage\",\"@id\":\"https:\\\/\\\/oviderm.se\\\/vard\\\/om-oviderm\\\/\",\"url\":\"https:\\\/\\\/oviderm.se\\\/vard\\\/om-oviderm\\\/\",\"name\":\"Om Oviderm - Ett rent alternativ vid behandling av torr hud\",\"isPartOf\":{\"@id\":\"https:\\\/\\\/oviderm.se\\\/vard\\\/#website\"},\"primaryImageOfPage\":{\"@id\":\"https:\\\/\\\/oviderm.se\\\/vard\\\/om-oviderm\\\/#primaryimage\"},\"image\":{\"@id\":\"https:\\\/\\\/oviderm.se\\\/vard\\\/om-oviderm\\\/#primaryimage\"},\"thumbnailUrl\":\"https:\\\/\\\/oviderm.se\\\/vard\\\/wp-content\\\/uploads\\\/2025\\\/03\\\/oviderm_600-3d2-1024x898.png\",\"datePublished\":\"2022-02-17T08:33:40+00:00\",\"dateModified\":\"2025-03-19T10:10:18+00:00\",\"breadcrumb\":{\"@id\":\"https:\\\/\\\/oviderm.se\\\/vard\\\/om-oviderm\\\/#breadcrumb\"},\"inLanguage\":\"sv-SE\",\"potentialAction\":[{\"@type\":\"ReadAction\",\"target\":[\"https:\\\/\\\/oviderm.se\\\/vard\\\/om-oviderm\\\/\"]}]},{\"@type\":\"ImageObject\",\"inLanguage\":\"sv-SE\",\"@id\":\"https:\\\/\\\/oviderm.se\\\/vard\\\/om-oviderm\\\/#primaryimage\",\"url\":\"https:\\\/\\\/oviderm.se\\\/vard\\\/wp-content\\\/uploads\\\/2025\\\/03\\\/oviderm_600-3d2.png\",\"contentUrl\":\"https:\\\/\\\/oviderm.se\\\/vard\\\/wp-content\\\/uploads\\\/2025\\\/03\\\/oviderm_600-3d2.png\",\"width\":1116,\"height\":979,\"caption\":\"Oviderm 600\"},{\"@type\":\"BreadcrumbList\",\"@id\":\"https:\\\/\\\/oviderm.se\\\/vard\\\/om-oviderm\\\/#breadcrumb\",\"itemListElement\":[{\"@type\":\"ListItem\",\"position\":1,\"name\":\"Hem\",\"item\":\"https:\\\/\\\/oviderm.se\\\/vard\\\/\"},{\"@type\":\"ListItem\",\"position\":2,\"name\":\"Om Oviderm\"}]},{\"@type\":\"WebSite\",\"@id\":\"https:\\\/\\\/oviderm.se\\\/vard\\\/#website\",\"url\":\"https:\\\/\\\/oviderm.se\\\/vard\\\/\",\"name\":\"- Ett rent alternativ vid behandling av torr hud\",\"description\":\"Ett rent alternativ vid behandling av torr hud\",\"publisher\":{\"@id\":\"https:\\\/\\\/oviderm.se\\\/vard\\\/#organization\"},\"potentialAction\":[{\"@type\":\"SearchAction\",\"target\":{\"@type\":\"EntryPoint\",\"urlTemplate\":\"https:\\\/\\\/oviderm.se\\\/vard\\\/?s={search_term_string}\"},\"query-input\":{\"@type\":\"PropertyValueSpecification\",\"valueRequired\":true,\"valueName\":\"search_term_string\"}}],\"inLanguage\":\"sv-SE\"},{\"@type\":\"Organization\",\"@id\":\"https:\\\/\\\/oviderm.se\\\/vard\\\/#organization\",\"name\":\"- Ett rent alternativ vid behandling av torr hud\",\"url\":\"https:\\\/\\\/oviderm.se\\\/vard\\\/\",\"logo\":{\"@type\":\"ImageObject\",\"inLanguage\":\"sv-SE\",\"@id\":\"https:\\\/\\\/oviderm.se\\\/vard\\\/#\\\/schema\\\/logo\\\/image\\\/\",\"url\":\"https:\\\/\\\/oviderm.se\\\/vard\\\/wp-content\\\/uploads\\\/2020\\\/11\\\/oviderm_logo-blue.png\",\"contentUrl\":\"https:\\\/\\\/oviderm.se\\\/vard\\\/wp-content\\\/uploads\\\/2020\\\/11\\\/oviderm_logo-blue.png\",\"width\":553,\"height\":110,\"caption\":\"- Ett rent alternativ vid behandling av torr hud\"},\"image\":{\"@id\":\"https:\\\/\\\/oviderm.se\\\/vard\\\/#\\\/schema\\\/logo\\\/image\\\/\"}}]}<\/script>\n<!-- \/ Yoast SEO plugin. -->","yoast_head_json":{"title":"Om Oviderm - Ett rent alternativ vid behandling av torr hud","robots":{"index":"index","follow":"follow","max-snippet":"max-snippet:-1","max-image-preview":"max-image-preview:large","max-video-preview":"max-video-preview:-1"},"canonical":"https:\/\/oviderm.se\/vard\/om-oviderm\/","og_locale":"sv_SE","og_type":"article","og_title":"Om Oviderm - Ett rent alternativ vid behandling av torr hud","og_description":"F\u00f6rebygger och behandlar torr hud Oviderm \u00e4r en mjukg\u00f6rande kr\u00e4m och ett receptfritt l\u00e4kemedel. Kr\u00e4men inneh\u00e5ller endast ingredienser av icke animaliskt ursprung, till exempel fuktbindande propylenglykol och vegetabilisk kokosolja. Oviderm 500g ing\u00e5r i f\u00f6rm\u00e5nen och kan antingen f\u00f6rskrivas eller k\u00f6pas p\u00e5 apotek. \u00a0 Oviderm kan anv\u00e4ndas av b\u00e5de vuxna och barn. har en neutral doft. [&hellip;]","og_url":"https:\/\/oviderm.se\/vard\/om-oviderm\/","og_site_name":"- Ett rent alternativ vid behandling av torr hud","article_modified_time":"2025-03-19T10:10:18+00:00","og_image":[{"width":1116,"height":979,"url":"https:\/\/oviderm.se\/vard\/wp-content\/uploads\/2025\/03\/oviderm_600-3d2.png","type":"image\/png"}],"twitter_card":"summary_large_image","twitter_misc":{"Ber\u00e4knad l\u00e4stid":"2 minuter"},"schema":{"@context":"https:\/\/schema.org","@graph":[{"@type":"WebPage","@id":"https:\/\/oviderm.se\/vard\/om-oviderm\/","url":"https:\/\/oviderm.se\/vard\/om-oviderm\/","name":"Om Oviderm - Ett rent alternativ vid behandling av torr hud","isPartOf":{"@id":"https:\/\/oviderm.se\/vard\/#website"},"primaryImageOfPage":{"@id":"https:\/\/oviderm.se\/vard\/om-oviderm\/#primaryimage"},"image":{"@id":"https:\/\/oviderm.se\/vard\/om-oviderm\/#primaryimage"},"thumbnailUrl":"https:\/\/oviderm.se\/vard\/wp-content\/uploads\/2025\/03\/oviderm_600-3d2-1024x898.png","datePublished":"2022-02-17T08:33:40+00:00","dateModified":"2025-03-19T10:10:18+00:00","breadcrumb":{"@id":"https:\/\/oviderm.se\/vard\/om-oviderm\/#breadcrumb"},"inLanguage":"sv-SE","potentialAction":[{"@type":"ReadAction","target":["https:\/\/oviderm.se\/vard\/om-oviderm\/"]}]},{"@type":"ImageObject","inLanguage":"sv-SE","@id":"https:\/\/oviderm.se\/vard\/om-oviderm\/#primaryimage","url":"https:\/\/oviderm.se\/vard\/wp-content\/uploads\/2025\/03\/oviderm_600-3d2.png","contentUrl":"https:\/\/oviderm.se\/vard\/wp-content\/uploads\/2025\/03\/oviderm_600-3d2.png","width":1116,"height":979,"caption":"Oviderm 600"},{"@type":"BreadcrumbList","@id":"https:\/\/oviderm.se\/vard\/om-oviderm\/#breadcrumb","itemListElement":[{"@type":"ListItem","position":1,"name":"Hem","item":"https:\/\/oviderm.se\/vard\/"},{"@type":"ListItem","position":2,"name":"Om Oviderm"}]},{"@type":"WebSite","@id":"https:\/\/oviderm.se\/vard\/#website","url":"https:\/\/oviderm.se\/vard\/","name":"- Ett rent alternativ vid behandling av torr hud","description":"Ett rent alternativ vid behandling av torr hud","publisher":{"@id":"https:\/\/oviderm.se\/vard\/#organization"},"potentialAction":[{"@type":"SearchAction","target":{"@type":"EntryPoint","urlTemplate":"https:\/\/oviderm.se\/vard\/?s={search_term_string}"},"query-input":{"@type":"PropertyValueSpecification","valueRequired":true,"valueName":"search_term_string"}}],"inLanguage":"sv-SE"},{"@type":"Organization","@id":"https:\/\/oviderm.se\/vard\/#organization","name":"- Ett rent alternativ vid behandling av torr hud","url":"https:\/\/oviderm.se\/vard\/","logo":{"@type":"ImageObject","inLanguage":"sv-SE","@id":"https:\/\/oviderm.se\/vard\/#\/schema\/logo\/image\/","url":"https:\/\/oviderm.se\/vard\/wp-content\/uploads\/2020\/11\/oviderm_logo-blue.png","contentUrl":"https:\/\/oviderm.se\/vard\/wp-content\/uploads\/2020\/11\/oviderm_logo-blue.png","width":553,"height":110,"caption":"- Ett rent alternativ vid behandling av torr hud"},"image":{"@id":"https:\/\/oviderm.se\/vard\/#\/schema\/logo\/image\/"}}]}},"_links":{"self":[{"href":"https:\/\/oviderm.se\/vard\/wp-json\/wp\/v2\/pages\/3444","targetHints":{"allow":["GET"]}}],"collection":[{"href":"https:\/\/oviderm.se\/vard\/wp-json\/wp\/v2\/pages"}],"about":[{"href":"https:\/\/oviderm.se\/vard\/wp-json\/wp\/v2\/types\/page"}],"author":[{"embeddable":true,"href":"https:\/\/oviderm.se\/vard\/wp-json\/wp\/v2\/users\/1"}],"replies":[{"embeddable":true,"href":"https:\/\/oviderm.se\/vard\/wp-json\/wp\/v2\/comments?post=3444"}],"version-history":[{"count":52,"href":"https:\/\/oviderm.se\/vard\/wp-json\/wp\/v2\/pages\/3444\/revisions"}],"predecessor-version":[{"id":5069,"href":"https:\/\/oviderm.se\/vard\/wp-json\/wp\/v2\/pages\/3444\/revisions\/5069"}],"wp:attachment":[{"href":"https:\/\/oviderm.se\/vard\/wp-json\/wp\/v2\/media?parent=3444"}],"curies":[{"name":"wp","href":"https:\/\/api.w.org\/{rel}","templated":true}]}}